{"id":29,"date":"2014-12-16T23:17:07","date_gmt":"2014-12-16T21:17:07","guid":{"rendered":"https:\/\/oeztoprakservice.mediadesign-linke.de\/?page_id=29"},"modified":"2019-04-24T15:45:48","modified_gmt":"2019-04-24T13:45:48","slug":"unsere-leistungen","status":"publish","type":"page","link":"https:\/\/oeztoprakservice.mediadesign-linke.de\/index.php\/unsere-leistungen\/","title":{"rendered":"Unsere Leistungen"},"content":{"rendered":"<p>Sie m\u00f6chten Ihre gestalterischen Vorstellungen bei Ihrem Sanierungsprojekt professionell und zu attraktiven Preisen umsetzen lassen? \u2013 Dann sind Sie bei der \u00d6ztoprak Service GmbH genau richtig!<\/p>\n<p>Als kompetenter Fachbetrieb bieten wir Ihnen ein umfangreiches und kundenorientiertes Leistungsangebot. Unser qualifiziertes Fachpersonal unterst\u00fctzt Sie gerne jederzeit bei der Umsetzung Ihrer W\u00fcnsche und begleitet Sie bei Bedarf bereits von der Planungsphase bis zur finalen Fertigstellung Ihres Projektes.<\/p>\n<p>Selbstverst\u00e4ndlich stehen wir Ihnen w\u00e4hrend des gesamten Projektes mit einer ausf\u00fchrlichen Beratung zur Seite und informieren Sie zudem \u00fcber jeden Schritt unserer T\u00e4tigkeit. Gerne erl\u00e4utern wir Ihnen dabei die einzelnen Abl\u00e4ufe, welche wir im Laufe der Jahre speziell auf Ihre Anspr\u00fcche angepasst haben.<\/p>\n<p>Somit behalten Sie als Kunde stets den \u00dcberblick und erhalten alles aus einer Hand. Nur so ist es uns auch m\u00f6glich, eine f\u00fcr Sie individuell angepasste und kompetente L\u00f6sung zu finden.<\/p>\n<h2 class=\"h2_sonst\">Unsere Aufgabengebiete und Leistungen im \u00dcberblick<\/h2>\n<ul>\n<li>Brand- und Wasserschadenbeseitigung mit Endreinigung<\/li>\n<li>Demontage<\/li>\n<li>Sandstrahlen (nur am Geb\u00e4ude)<\/li>\n<li>Trockeneis-Strahlen (nur am Geb\u00e4ude)<\/li>\n<li>Haushalts- und Entr\u00fcmpelungsdienste<\/li>\n<li>Zusammenarbeit mit Partnerunternehmen &#8222;E-Team Malerfachbetrieb&#8220;<\/li>\n<\/ul>\n<p>Auftr\u00e4ge der oben genannten Aufgabengebiete sowie auch Auftr\u00e4ge anderer Art (unter vorheriger Absprache) nehmen wir ab sofort gerne entgegen. Nehmen Sie Kontakt mit uns auf \u2013 unsere Mitarbeiter helfen Ihnen gerne weiter!<\/p>\n<h3 class=\"h3_sonst\">\u00d6ztoprak Service GmbH \u2013 Ihr starker Partner von A bis Z.<\/h3>\n","protected":false},"excerpt":{"rendered":"<p>Sie m\u00f6chten Ihre gestalterischen Vorstellungen bei Ihrem Sanierungsprojekt professionell und zu attraktiven Preisen umsetzen lassen? \u2013 Dann sind Sie bei der \u00d6ztoprak Service GmbH genau richtig! Als kompetenter Fachbetrieb bieten wir Ihnen ein umfangreiches und kundenorientiertes Leistungsangebot. Unser qualifiziertes Fachpersonal &#8230; <a class=\"more-link\" href=\"https:\/\/oeztoprakservice.mediadesign-linke.de\/index.php\/unsere-leistungen\/\">Read More &raquo;<\/a><\/p>\n","protected":false},"author":1,"featured_media":0,"parent":0,"menu_order":0,"comment_status":"closed","ping_status":"closed","template":"","meta":{"footnotes":""},"class_list":["post-29","page","type-page","status-publish","hentry"],"_links":{"self":[{"href":"https:\/\/oeztoprakservice.mediadesign-linke.de\/index.php\/wp-json\/wp\/v2\/pages\/29","targetHints":{"allow":["GET"]}}],"collection":[{"href":"https:\/\/oeztoprakservice.mediadesign-linke.de\/index.php\/wp-json\/wp\/v2\/pages"}],"about":[{"href":"https:\/\/oeztoprakservice.mediadesign-linke.de\/index.php\/wp-json\/wp\/v2\/types\/page"}],"author":[{"embeddable":true,"href":"https:\/\/oeztoprakservice.mediadesign-linke.de\/index.php\/wp-json\/wp\/v2\/users\/1"}],"replies":[{"embeddable":true,"href":"https:\/\/oeztoprakservice.mediadesign-linke.de\/index.php\/wp-json\/wp\/v2\/comments?post=29"}],"version-history":[{"count":13,"href":"https:\/\/oeztoprakservice.mediadesign-linke.de\/index.php\/wp-json\/wp\/v2\/pages\/29\/revisions"}],"predecessor-version":[{"id":296,"href":"https:\/\/oeztoprakservice.mediadesign-linke.de\/index.php\/wp-json\/wp\/v2\/pages\/29\/revisions\/296"}],"wp:attachment":[{"href":"https:\/\/oeztoprakservice.mediadesign-linke.de\/index.php\/wp-json\/wp\/v2\/media?parent=29"}],"curies":[{"name":"wp","href":"https:\/\/api.w.org\/{rel}","templated":true}]}}